12 + 13). Let r = -21 + x. What is the greatest common divisor of r and 90?
10
Let j(y) = y**3 + 13*y**2 + 7*y - 13. Let x be j(-12). Calculate the greatest common factor of 1739 and x.
47
Let l = -1483 - -2193. Let p be (1/1)/(2/l). Let c = p - 187. Calculate the greatest common divisor of c and 24.
24
Let r = 22 + -12. Let b = -14 - -20. Let c(i) = 3*i**2 - 4*i - 4. Let o be c(b). What is the greatest common factor of o and r?
10
Suppose -2*k + 5*w - 6 = 3, -2*k - w - 3 = 0. Let y be ((-10)/4)/(k/12). Let h be (6/4)/(y/200). What is the highest common divisor of 30 and h?
10
Let a(m) = 7*m + 0*m + 0 - 2 - 13. Let z be a(9). What is the highest common factor of 16 and z?
16
Suppose -5*k - 8 = -9*k. Let i(q) = 48*q. Let o be i(k). What is the highest common factor of 48 and o?
48
Let t(h) be the second derivative of h**3/6 - 4*h**2 - 6*h. Let n be t(12). What is the highest common divisor of n and 16?
4
Let p(s) = -4*s**2 + 186*s - 586. Let w be p(43). Let n(h) = 9*h - 2. Let z be n(2). What is the highest common divisor of w and z?
16
Let h(n) = -n**3 - 11*n**2 - 9*n + 11. Let d be h(-10). Let w be (6/5)/((-21)/(-140)). What is the highest common divisor of d and w?
1
Suppose y + 5*y + 6 = 0. Let g(h) = 2*h**3 + 1. Let p be g(y). Let j be (p/(1/(-24)))/2. What is the highest common divisor of j and 6?
6
Let g(h) = -h + 9. Let i be g(6). Suppose -i*y + 32 = -262. Calculate the highest common factor of y and 14.
14
Let t(r) = 3*r + 44. Let z be t(-15). Let i be (1 + 85/(-5))/z. Calculate the highest common divisor of i and 12.
4
Let q(l) = 4*l**2 - 1. Suppose 5*i = -4*w - 6, 5*w + 28 = 4*i - 0*w. Let t be q(i). Calculate the highest common factor of 10 and t.
5
Suppose -90*i + 85*i = -14850. What is the highest common divisor of i and 110?
110
Let p(g) = -g**2 + 3*g + 16. Let t be p(6). Let c(h) = -h**3 + h**2 + 1. Let k be c(t). Calculate the highest common factor of k and 117.
13
Let a(k) be the first derivative of -3/2*k**2 - 3*k + 9. Let y be a(-5). Calculate the highest common factor of 36 and y.
12
Let y be ((-600)/42)/(4/(-14)). Let c = y + -30. Suppose -5*k + 80 = -70. Calculate the highest common divisor of k and c.
10
Let g(k) = 36*k**3 - k + 1. Let d be (1/(-4))/(9/(-36)). Let v be g(d). What is the highest common factor of v and 4?
4
Suppose 5*x = 3*g + 265, -3*g = -24 + 9. Calculate the highest common divisor of x and 196.
28
Let l(p) = 2*p + 135. Let s be l(54). What is the highest common factor of s and 27?
27
Suppose 4*x = -4, -3*l + 3*x = 4*x - 17. Suppose 36 = -l*f + 108. Let p(t) = 24*t. Let q be p(5). Calculate the highest common factor of f and q.
12
Suppose 47*i - 66 = 36*i. Calculate the greatest common divisor of i and 6.
6
Let p(s) = -11*s + 28. Let k be p(0). What is the highest common factor of 70 and k?
14
Let a be (1 - -1)*1000/125. What is the highest common factor of 3856 and a?
16
Suppose -100*m = -96*m - 228. What is the highest common divisor of m and 741?
57
Suppose 3*x = -5*r + 15, 4*r - 5*r = 4*x - 20. Let u be 670/5 - r - (0 + 1). Calculate the greatest common divisor of 19 and u.
19
Let b = -14 + 29. Suppose b - 21 = -3*k. Calculate the greatest common factor of k and 6.
2
Let n = -875 - -890. What is the greatest common divisor of 1680 and n?
15
Suppose 2*h = -2*p + 32, 3*h - 2*p = 7*h - 54. What is the highest common divisor of 297 and h?
11
Let v be 6/4*168/18. What is the highest common divisor of 8 and v?
2
Let q be (74/8)/((-12)/48). Let o = q - -38. What is the highest common divisor of 1 and o?
1
Suppose 1184 + 160 = 4*i. Suppose 3*n - 963 = -i. Calculate the greatest common factor of 19 and n.
19
Let f be 17 + 5 + 3 + -1. What is the greatest common divisor of 45 and f?
3
Let s be -51*(4 - (-105)/(-7)). What is the highest common factor of 11 and s?
11
Suppose 26*u - 33*u = -21. Suppose 144 = 7*x - u*x + 3*q, 120 = 4*x - 3*q. What is the greatest common factor of x and 165?
33
Let d = -1174 - -1176. Calculate the greatest common factor of 106 and d.
2
Suppose 15 = 2*f + 3*h, 2*h = -0*h + 10. Let a(x) = x**3 + 124. Let z be a(f). What is the highest common divisor of z and 31?
31
Let j(b) = 8*b**2 - b - 3. Let v be j(4). Suppose -1 = h + 3*y, 1 + 1 = 2*h + 2*y. Suppose -9 = -p + h. What is the highest common factor of v and p?
11
Let u(q) be the third derivative of -7*q**2 + 0*q + 1/60*q**5 + 0 - 1/3*q**4 + 11/6*q**3. Let m be u(9). Calculate the greatest common divisor of m and 4.
4
Let b be (1 + -5)*1*360/(-4). Let z be 38 + (-6)/(1 + -4). Calculate the highest common divisor of z and b.
40
Suppose 12 = 5*r + r. Let d = 33 - 18. Let b = d - 14. What is the highest common divisor of r and b?
1
Let p = -18 + 101. Let g = p + -81. Suppose 3*x - 10 = -2*x. Calculate the greatest common factor of x and g.
2
Let h be ((-8)/20)/((-31)/10 + 3). Suppose -3*v = -h*v + 3. What is the highest common factor of v and 12?
3
Suppose -5*y + r + 166 = 0, y = -2*r - 14 + 45. What is the highest common divisor of 275 and y?
11
Let f be -2 + 3*119 - 2. Suppose 5*v + 393 = 2*w, f = 2*w + 3*v - 0*v. Let x = w - 109. Calculate the greatest common factor of x and 30.
15
Let m = 34 + -20. Let c = m - 10. Suppose 3*s - 1 = -10, 4*r = c*s + 100. Calculate the highest common factor of 44 and r.
22
Let j be (3*(-3)/(-18))/(3/336). Calculate the highest common factor of 392 and j.
56
Suppose 0*f = f + 523. Let t = -313 - f. Suppose -z = 2*z - t. What is the greatest common divisor of z and 10?
10
Let j(p) = -5*p - 121. Let b be j(-27). Let k be 14*-3*1/(-3). What is the greatest common divisor of b and k?
14
Let x(q) = -q**3 + 6*q**2 + 4*q + 7. Let f be x(7). Let h = f + 14. Suppose h = 3*p - 120 - 108. Calculate the greatest common factor of 19 and p.
19
Let p(i) = i + 5. Let z be p(-5). Suppose -4*s - 5*o = -7*s + 12, 4*o = z. Let c be 3*(s + (-8)/12). What is the highest common factor of 10 and c?
10
Suppose -18 = -3324*m + 3323*m. What is the greatest common factor of m and 18?
18
Suppose -5*w = z - 2*z - 835, 0 = -z + 5. Suppose -3*l = -0*l - w. What is the greatest common factor of 7 and l?
7
Let t(u) = -u**3 + 3*u**2 + 10. Let l be t(3). Let d be l*(-12)/(-8) + -5. Calculate the highest common factor of d and 170.
10
Suppose -3*d + 4*d = -4. Let p be d - ((-4)/2 + -3). What is the highest common factor of 7 and p?
1
Let y = -1898 - -1967. Suppose -2*k - 46 = -4*k. What is the greatest common factor of k and y?
23
Let d be (29/(-3))/29*-3. Suppose -2*f + 42 + 28 = 0. Suppose -4*q = q - f. Calculate the greatest common factor of q and d.
1
Suppose -3*s - p + 164 + 1084 = 0, 2*p + 1248 = 3*s. Calculate the highest common factor of s and 78.
26
Let v be 8 + -1 - (-11568)/241. What is the highest common divisor of 2695 and v?
55
Suppose 0 = -2*a + 5*s + 235, 0*a - 3*a = -s - 346. Let h be a*(-4 + 3 + 2). What is the highest common divisor of h and 46?
23
Suppose 2*d + 496 = 3*h, -2*h + d + 3*d + 320 = 0. Calculate the greatest common factor of h and 24.
24
Suppose 4*d - 5*d = -20. Let k(o) = 17*o - 3. Let s be k(1). Let r(q) = q**2 - 14*q + 10. Let p be r(s). Calculate the greatest common divisor of p and d.
10
Let p be (-3 + (-33)/(-9))/((-6)/9). Let y(a) = 77*a**2 - a - 2. Let k be y(p). Calculate the highest common divisor of k and 57.
19
Let w be (-1)/(-1*(87/(-22) - -4)). What is the greatest common divisor of 55 and w?
11
Let l be (5 - 0/2)*2. Let y be 5/(((-10)/55)/(-2)) - 5. Calculate the greatest common divisor of y and l.
10
Let f(b) = -85*b + 38*b - 13 + 39*b. Let g be f(-4). What is the greatest common divisor of 95 and g?
19
Let t be (-117)/2*(-3 - 35/(-15)). Calculate the highest common factor of 91 and t.
13
Let x(u) = 7*u**2 + 3*u + 1. Let b be x(2). Calculate the highest common divisor of b and 49.
7
Suppose -470*w + 464*w + 5508 = 0. What is the highest common factor of 108 and w?
54
Let w(l) = -l**2 - 4*l + 15. Let f be w(-5). Suppose f*x - 11*x + 60 = 0. What is the highest common divisor of 12 and x?
12
Suppose 0 = -15*j + 239 + 61. Calculate the highest common factor of 2060 and j.
20
Let v = 5586 + -3410. What is the greatest common divisor of v and 68?
68
Suppose -3*x = 3*x - 12. Suppose 0 = -w - f + 21, -x*f = -3*w - 0*w + 38. Let s = w - 15. What is the highest common factor of 3 and s?
1
Let v